 = 298. What is the greatest common divisor of n and 15?
15
Suppose 0 = -4*j + 2*u + 674, 0 = -3*j - j - 5*u + 653. Suppose l + 49 = j. Let b be 2/4 + l/4. What is the highest common divisor of 12 and b?
6
Suppose -2*j = 13 - 81. Calculate the greatest common factor of j and 34.
34
Let s = 6 - 4. Suppose 5*n - 3 = 4*n. Let d be 55 + (s - n - -1). What is the greatest common factor of d and 5?
5
Let z = -70 - -98. What is the greatest common divisor of z and 7?
7
Suppose -2 = -b + 2. Suppose b*n + z + z = 0, 3*z = -3*n - 3. Let d(f) = 45*f**2 - f. Let u be d(n). Calculate the greatest common divisor of 4 and u.
4
Let h = -16 - -46. Let d = -67 - -142. Calculate the greatest common divisor of d and h.
15
Let b be 7*3/(-3)*-2. Let k(q) = 3*q**2 + 4*q + 3. Let w be k(-2). What is the highest common factor of b and w?
7
Suppose 5 = -10*n + 11*n. Suppose -204 = -3*l - 0*l. Suppose -l = -4*x + 112. What is the highest common divisor of x and n?
5
Let r be (-1)/((-4)/140) + 1. What is the greatest common factor of 18 and r?
18
Suppose d - 6*d + 100 = 0. What is the highest common divisor of 30 and d?
10
Let n(o) = -129*o + 1. Let k be n(-1). Calculate the highest common divisor of 26 and k.
26
Suppose -2 = -5*s + 3*s. Let i be 291/12 + s/(-4). Calculate the highest common divisor of i and 60.
12
Suppose n = 1 + 2. Suppose -x - 133 = -6*f + f, -3*f + 75 = -3*x. Calculate the highest common divisor of n and f.
3
Let b(d) = -4*d - 4. Let v be b(-4). Suppose 3 = -3*h - r, 2*r = 3*h - 6*h. Let q be 9/h*4/(-3). Calculate the greatest common factor of v and q.
6
Let o(c) = -c + 26. Let i be o(0). Let z be (135 - 5)/(1 + 1). Calculate the greatest common factor of z and i.
13
Let i = -63 - -113. What is the greatest common factor of 75 and i?
25
Suppose 4*s - 4*t + 5*t - 517 = 0, 0 = -2*s - 3*t + 261. What is the greatest common divisor of s and 43?
43
Suppose -386 = -5*u + 64. Calculate the highest common divisor of 36 and u.
18
Let c be 5/((-20)/(-66)) + 6/(-4). Calculate the highest common divisor of 120 and c.
15
Suppose -196 = -3*q - b, -5*q - 2*b + 324 = -3*b. What is the highest common divisor of 26 and q?
13
Suppose m + 8 + 1 = 0. Let s = m - -12. Calculate the greatest common factor of 2 and s.
1
Let d = 4 - 14. Let m be (-60)/(4/2)*d. Suppose 6*p - p = m. Calculate the greatest common divisor of 40 and p.
20
Suppose 2*o = 12 + 10. Suppose o = 2*h - 13. What is the greatest common divisor of 12 and h?
12
Let b be ((-40)/25)/((-2)/10). Let o = b + -1. What is the highest common divisor of 77 and o?
7
Let r be 24 - (-7)/((-21)/9). Let z = 93 - r. What is the highest common divisor of 12 and z?
12
Suppose 15 = y + 4*y. What is the greatest common divisor of y and 15?
3
Let c(z) = z**3 + z**2 - z + 32. Let o be c(0). Let m be ((-28)/(-21))/((-2)/(-72)). What is the greatest common factor of m and o?
16
Let a = 0 - -4. Suppose a*d + u = -1, 0 = 4*d - 2*u - 2*u - 24. Let l be (d/2)/1*6. What is the highest common divisor of 1 and l?
1
Let c = 0 + 0. Let j = 1 + c. Let w = -30 - -41. Calculate the highest common divisor of w and j.
1
Let t be -2 - 1 - (-3)/(12/88). Calculate the highest common factor of t and 57.
19
Suppose 0*x + 4*x = q, 3*x = 4*q - 13. Suppose -q + 12 = 4*z. Let r be 3/(3*z/32). What is the greatest common factor of 64 and r?
16
Suppose -4*q - 14 + 42 = 0. Let p = 15 - q. Let l = -7 + p. What is the highest common divisor of l and 8?
1
Let t = 184 - 112. Suppose 0*o + 48 = -3*o. Let l = o + 25. What is the highest common factor of l and t?
9
Let m = -38 - -53. Calculate the greatest common divisor of m and 165.
15
Let o(c) = 2*c**3 + 2*c**2 + 3*c + 2. Let v be o(-2). Let s = v - -25. Calculate the greatest common factor of s and 91.
13
Let k(v) = -2*v + 47. Let b be k(20). What is the greatest common divisor of b and 35?
7
Suppose -2*v - v + 15 = 0. Suppose -v*s + 4*t = -s + 232, 4*t = 2*s + 126. Let g = 19 - s. What is the greatest common divisor of 18 and g?
18
Let l = -35 - -107. Let t be 122/8 - (-11)/(-44). Suppose 0*y + 2*g = -y + t, -g + 48 = 5*y. What is the highest common divisor of l and y?
9
Let c = -38 - -70. Let q be 10/8 - (-3)/(-12). Let i be 5*-4*q*-4. Calculate the highest common divisor of c and i.
16
Let l be 33 + (-1 - (-1 + -3)). Calculate the highest common factor of l and 24.
12
Suppose 18 = -18*r + 20*r. Calculate the highest common factor of 81 and r.
9
Let c(l) = l**2 + 5*l + 2. Let n be c(-7). Let p = 43 - 27. Calculate the greatest common divisor of n and p.
16
Let b be 2 - -2*(14/4 + -2). Suppose r - 3*r + 50 = 0. Calculate the greatest common factor of b and r.
5
Suppose 5*z = -32 - 13. Let a = z - 12. Let l be 18/14 - (-6)/a. What is the highest common factor of 11 and l?
1
Suppose -5*c = -c - 572. Calculate the highest common divisor of 13 and c.
13
Let c(w) = -w**3 + w**2 - 5*w**2 + 2*w**2. Let j be c(-3). Suppose -2*f + j = -3*v - 11, 0 = v + 4. What is the highest common factor of 44 and f?
4
Suppose -4*i - 4*l = -128, -42 = -5*i - 2*l + 127. Suppose -2*a = -16 - 12. What is the greatest common divisor of i and a?
7
Suppose -2*u = u - 1098. Suppose -5*x - n = u - 972, -x + 2*n = -119. Calculate the greatest common factor of 11 and x.
11
Let w(o) = -o**3 - 4*o**2 + 5. Let x be w(-4). Calculate the highest common divisor of 35 and x.
5
Let j(t) = t**2 - 2*t + 3. Let d be j(2). Suppose -68 = r + d*r. Let y = r + 29. Calculate the greatest common factor of 72 and y.
12
Let f = 70 - 34. What is the highest common factor of 18 and f?
18
Let k be 1/((-6)/9*(-1)/2). Calculate the highest common divisor of 2 and k.
1
Suppose -3*m - 17 = -5*g, -4*m = 5*g + 2 + 9. Let d = 9 - m. Suppose -14*r + 142 + 222 = 0. Calculate the greatest common divisor of d and r.
13
Let n(q) = q + 17. Let s be n(13). What is the greatest common factor of 75 and s?
15
Suppose p - g - 1 = 0, -3*p + 14 = 5*g + 3. Suppose -4 + 14 = p*d. What is the greatest common factor of 35 and d?
5
Suppose 0 = -5*m + 25, 44 = 4*k - 3*m + 7. Calculate the highest common factor of k and 13.
13
Let b be (-2 + 0 - -4) + 0. Suppose -4*i - 4*a - 20 = 0, 4*i - b*i + 1 = a. Let w be 2*i*(5 + -6). Calculate the highest common divisor of w and 32.
4
Suppose -3*w = -5*w + 18. What is the highest common divisor of 90 and w?
9
Let s = -17 + 28. Let t(o) = 4*o**2 - 3*o + 1. Let n be t(-4). Calculate the greatest common divisor of s and n.
11
Let t be (-2673)/(-9)*(2 + -1). Calculate the highest common factor of t and 27.
27
Let r = -28 + 47. Let c = -76 + 95. What is the highest common factor of c and r?
19
Suppose -4*a + 8*a - 20 = 0. Let h(r) = -r**3 - 7*r**2 - r + 3. Let s be h(-7). Calculate the greatest common divisor of a and s.
5
Suppose r + 2*n - 141 = -2*r, -r = n - 48. What is the greatest common factor of r and 30?
15
Let o = -16 - -22. What is the highest common factor of o and 6?
6
Suppose 0*u - 2*p + 494 = 4*u, p = u - 122. Let i = u - 63. What is the greatest common divisor of i and 24?
12
Suppose -48 + 64 = 2*w. Calculate the greatest common divisor of 20 and w.
4
Let k(d) = 25*d - 5. Let n be (-74)/14 - (-2)/7. Let x be k(n). Let y be x/(-8)*(3 - -1). Calculate the highest common divisor of y and 13.
13
Suppose -4*i - 13 = 3, 3*i = j - 30. What is the greatest common divisor of 45 and j?
9
Let u be (14/(-14))/(1/(-3)). Suppose 5*k - 17 = -y, -u*k + 8*k = 3*y - 111. Calculate the greatest common factor of y and 4.
4
Let s = 14 - 13. Suppose 0*h + 4*u = -4*h + 24, 5*h - 5*u = -20. Calculate the highest common factor of s and h.
1
Suppose 0 = -3*q + 3*z + 492, -q + 161 = -0*z - 4*z. What is the highest common factor of 15 and q?
15
Suppose 2*k - 10 - 56 = 0. Let m = 10 - 17. Let z(f) = -f - 4. Let t be z(m). What is the greatest common divisor of k and t?
3
Suppose 4*o = -4*v + 172, 0*o - 4*v + 128 = 3*o. What is the highest common factor of 4 and o?
4
Suppose 0 = 5*c + a - 13, c + 5 = 2*c - a. What is the highest common factor of 1 and c?
1
Suppose -2*z - 19 + 99 = 0. Let i = 128 - z. What is the greatest common divisor of i and 11?
11
Suppose v - m = -0*v + 7, -v + 5*m = -15. Let t be 2 - (v + -1) - -42. What is the highest common divisor of 60 and t?
20
Suppose -7 = -3*f + 3*r - 4*r, 0 = 3*f - r - 5. Let x be (1 - 0)/(-1 + f). Calculate the high